{"id":7,"date":"2022-01-09T19:35:50","date_gmt":"2022-01-09T18:35:50","guid":{"rendered":"https:\/\/www.dkbb.de\/?page_id=7"},"modified":"2023-09-24T12:21:19","modified_gmt":"2023-09-24T10:21:19","slug":"wer-wir-sind","status":"publish","type":"page","link":"https:\/\/www.dkbb.de\/","title":{"rendered":"Wer wir sind"},"content":{"rendered":"\n<p>Die Grunds\u00e4tze des Vereins &#8222;Darmst\u00e4dter Kreis f\u00fcr Berufliche Bildung&#8220; DKBB e.V. &#8211; F\u00f6rderverein der Heinrich-Emanuel-Merck-Schule &#8211; sind:<\/p>\n\n\n\n<ul class=\"wp-block-list\">\n<li>F\u00f6rderung von Bildung und Erziehung.<\/li>\n\n\n\n<li>St\u00e4rkung von Zusammenarbeit der Institutionen der Wirtschaft, der Gewerkschaften, der Berufsverb\u00e4nde, der Ausbildungsbetriebe mit der Heinrich-Emanuel-Merck-Schule etc.<\/li>\n\n\n\n<li>Angebot von Lehrg\u00e4ngen zur Fort- und Weiterbildung*<\/li>\n\n\n\n<li>Ideelle und materielle Unterst\u00fctzung der Heinrich-Emanuel-Merck-Schule (HEMS)<\/li>\n<\/ul>\n\n\n\n<p>Zudem unterst\u00fctzt der DKBB e.V. folgende Einzelprojekte:<\/p>\n\n\n\n<ul class=\"wp-block-list\">\n<li>Projekte der Berufsbildung und Schulbildung des EU-Programms<\/li>\n\n\n\n<li>,,Erasmus+&#8220; mit Tschechien; \u00d6sterreich, Italien, Lettland, Polen, Spanien, T\u00fcrkei, Ungarn, Frankreich und Portugal<\/li>\n\n\n\n<li>Aufsichts- und Supportpersonal f\u00fcr die Bibliothek<\/li>\n\n\n\n<li>Volleyballturnier<\/li>\n\n\n\n<li>AATIS (Arbeitskreis Amateurfunk und Telekommunikation in der Schule e.V.)<\/li>\n\n\n\n<li>Homepage der HEMS, Theaterprojekte, Berufsbildungs- und Bildungsveranstaltungen<\/li>\n<\/ul>\n\n\n\n<p>*Qualit\u00e4t<\/p>\n\n\n\n<p>Dem Verein wurde vom Verein Weiterbildung Hessen e.V. nach Pr\u00fcfung (alle 3 Jahre) das entsprechende Qualit\u00e4tssiegel (<a href=\"https:\/\/www.dkbb.de\/wp-content\/uploads\/2023\/09\/230725_Zertifikat_Darmstaedter-Kreis-fuer-Berufliche-Bildung.pdf\" data-type=\"attachment\" data-id=\"127\">Zertifikat<\/a>) verliehen.<\/p>\n","protected":false},"excerpt":{"rendered":"<p>Die Grunds\u00e4tze des Vereins &#8222;Darmst\u00e4dter Kreis f\u00fcr Berufliche Bildung&#8220; DKBB e.V. &#8211; F\u00f6rderverein der Heinrich-Emanuel-Merck-Schule &#8211; sind: Zudem unterst\u00fctzt der DKBB e.V. folgende Einzelprojekte: *Qualit\u00e4t Dem Verein wurde vom Verein Weiterbildung Hessen e.V. nach Pr\u00fcfung (alle 3 Jahre) das entsprechende Qualit\u00e4tssiegel (Zertifikat) verliehen.<\/p>\n","protected":false},"author":1,"featured_media":111,"parent":0,"menu_order":0,"comment_status":"closed","ping_status":"closed","template":"","meta":{"footnotes":""},"class_list":["post-7","page","type-page","status-publish","has-post-thumbnail","hentry"],"_links":{"self":[{"href":"https:\/\/www.dkbb.de\/index.php?rest_route=\/wp\/v2\/pages\/7","targetHints":{"allow":["GET"]}}],"collection":[{"href":"https:\/\/www.dkbb.de\/index.php?rest_route=\/wp\/v2\/pages"}],"about":[{"href":"https:\/\/www.dkbb.de\/index.php?rest_route=\/wp\/v2\/types\/page"}],"author":[{"embeddable":true,"href":"https:\/\/www.dkbb.de\/index.php?rest_route=\/wp\/v2\/users\/1"}],"replies":[{"embeddable":true,"href":"https:\/\/www.dkbb.de\/index.php?rest_route=%2Fwp%2Fv2%2Fcomments&post=7"}],"version-history":[{"count":8,"href":"https:\/\/www.dkbb.de\/index.php?rest_route=\/wp\/v2\/pages\/7\/revisions"}],"predecessor-version":[{"id":134,"href":"https:\/\/www.dkbb.de\/index.php?rest_route=\/wp\/v2\/pages\/7\/revisions\/134"}],"wp:featuredmedia":[{"embeddable":true,"href":"https:\/\/www.dkbb.de\/index.php?rest_route=\/wp\/v2\/media\/111"}],"wp:attachment":[{"href":"https:\/\/www.dkbb.de\/index.php?rest_route=%2Fwp%2Fv2%2Fmedia&parent=7"}],"curies":[{"name":"wp","href":"https:\/\/api.w.org\/{rel}","templated":true}]}}